n 161 is divided by g.
9
Suppose -34 - 56 = -3*b. Let d be (-2)/8 + (-21)/(-4). Suppose -d*j + 80 = b. Calculate the remainder when 37 is divided by j.
7
Let y(o) = -2*o + 36. What is the remainder when 92 is divided by y(12)?
8
Let g(v) = v**2 - 3*v + 6. Calculate the remainder when g(11) is divided by 20*((-24)/(-5))/3.
30
Let l = 523 - 511. Calculate the remainder when 179 is divided by l.
11
Let t = -17 - -19. Let l(d) = -d**3 + 2*d**t + 5*d**2 + 2*d**3 + 0*d**3 + d + 1. What is the remainder when 123 is divided by l(-6)?
30
Let w = 80 - 33. Let c(u) = u**3 - 55 + 136 - 2*u - 57. Calculate the remainder when w is divided by c(0).
23
Suppose 6 = -4*f - 2, q - 2*f - 34 = 0. Let r = -2 + 2. Suppose -4*t + 20 = r, 4*x + 3*t - 462 = 5*t. Calculate the remainder when x is divided by q.
28
Calculate the remainder when -5 + 5 - (-14 + -1) is divided by 5.
0
Let v = 44 + -18. Suppose -3922*u + 88 = -3908*u - 94. Calculate the remainder when v is divided by u.
0
Suppose 4*b + a = 35, -12*a - 13 = -2*b - 11*a. What is the remainder when 62 is divided by b?
6
Suppose 0 = -2*l - 3*l + 20. Let j be 4*((-15)/l)/(-5). Suppose j*a = -0*a + 69. Calculate the remainder when a is divided by 12.
11
Suppose 82*q - 46684 = 71*q. What is the remainder when q is divided by 11?
9
Let p(l) = -l**2 - 6*l - 1. Let r be p(-6). Let c = -13 - -20. Calculate the remainder when (4 + -7)*r*c is divided by 11.
10
Suppose -5*x + 4 = -x. Suppose x = -m, 7 = 5*b + 4*m - 4. Suppose 3*i + b = 9. Calculate the remainder when 3 is divided by i.
1
Suppose 52*m + 154 = 59*m. What is the remainder when 107 is divided by m?
19
Let m(z) = z**2 - 4*z + 5. What is the remainder when ((-12)/(-70) - (-6)/14)*30 is divided by m(5)?
8
Suppose -3*j - 40 = -5*p, 0 = p + 2*j - j. Suppose -1 + 46 = p*y. Calculate the remainder when 62 is divided by y.
8
Suppose h + 5*i = -7, 3*h = 6*h - i + 21. Let j(y) = -4*y + 6. Let p = 4 + 5. What is the remainder when j(h) is divided by p?
7
Let k(r) = -r + 2. Let u be k(-4). Let i = 24 - u. Calculate the remainder when 31 is divided by i.
13
Suppose -2*y = -17 - 37. Let l(c) be the second derivative of -c**5/20 - c**4/2 - c**3 + 5*c**2/2 - 11*c. What is the remainder when y is divided by l(-5)?
7
Let x(b) = -8*b + 186. What is the remainder when 734 is divided by x(13)?
78
Let o(l) = 17*l + 4. What is the remainder when 82 is divided by o(1)?
19
Let a(b) = -b**3 + b**2 + 20*b + 29. Let h be (-2)/2*13*-1. Let t = h + 2. What is the remainder when a(0) is divided by t?
14
Suppose -o - 19 = -g, -35*g - o + 11 = -34*g. Calculate the remainder when 42 is divided by g.
12
Let g(r) = -2*r**3 - 4*r**2 + 6*r. Let y be g(-5). Suppose -z - 2*z = -y. Let f(l) = 6*l + 2. Calculate the remainder when z is divided by f(2).
12
Let h(f) be the first derivative of f**3/3 - 3*f**2 + 3*f + 3. Calculate the remainder when 7 is divided by h(6).
1
Let m(r) = -124*r - 18. Let b be m(-4). What is the remainder when b/5 + (1 - 15/25) is divided by 14?
12
Suppose -m - 60 = -2*y + 5*m, 0 = 3*m - 15. What is the remainder when 171 is divided by y?
36
Calculate the remainder when 141 is divided by 1 + 23 + (12/(-4) - -8).
25
Let o(d) = d**3 + d**2 - 8*d + 13. What is the remainder when 49 is divided by o(0)?
10
Calculate the remainder when (-7 + (-230)/(-30))/(2/228) is divided by 14.
6
Let m(h) = 2*h**2 + 3 + 2*h + 3 - 1. Let t = 784 - 789. What is the remainder when m(t) is divided by 12?
9
Let o = 28 - 22. Suppose -o*z - 3*n = -4*z - 237, 0 = 2*n + 2. Calculate the remainder when ((-10)/8)/((-6)/z) is divided by 13.
12
Let r(y) = 4*y - 5. Let n be r(-4). Let a = 36 + n. What is the remainder when 36 is divided by a?
6
Calculate the remainder when 1*19 - (-43 - -41) is divided by 1.
0
Let j = 74 - 267. Let o = j - -114. Let g = o + 121. Calculate the remainder when g is divided by 22.
20
Let f = -107 - -116. Suppose 0 = b + f - 27. Calculate the remainder when b is divided by 15.
3
Let j(b) = -b**3 + 41*b**2 + 89*b - 112. What is the remainder when 1290 is divided by j(43)?
15
Suppose -3644 = -5292*g + 5290*g. What is the remainder when g is divided by 76?
74
Let h(g) = g + 2. Let p = -26 - -23. What is the remainder when (p + (-20)/12)*-6 is divided by h(3)?
3
Calculate the remainder when 72 is divided by (15/(750/(-280)))/((-2)/20).
16
Let k = 458 - 243. Calculate the remainder when k is divided by 7.
5
Suppose -2*l - 5*a + 44 = 0, a - 11 = 2*l - 31. Let o = -1212 + 1216. Calculate the remainder when l is divided by o.
0
Suppose 1 + 7 = 2*w. What is the remainder when 108/18 - (1 + -1 + -3) is divided by w?
1
Suppose -j - 2*o + 13 = -21, 0 = -5*j - 2*o + 210. What is the remainder when j is divided by 27?
17
Let l(z) = -17*z + 2. Let s be l(-5). Suppose 3*i = 3*t - s, -4*i = -t - 12 + 50. What is the remainder when t is divided by 16?
10
Let s(y) be the second derivative of y**5/20 - 5*y**4/6 + 5*y**3/3 - y**2/2 + 2*y. What is the remainder when 9/6*-8*(-55)/30 is divided by s(9)?
6
Let s(d) = -3*d**3 - 6*d**2 + 3*d - 2. Let w be s(-5). Suppose 0 = 5*p + w - 618. Calculate the remainder when p is divided by 17.
14
Suppose -3*z + 41 + 99 = 2*u, 2*u = -4*z + 140. Calculate the remainder when 278 is divided by u.
68
Let f be (-3536)/(-32) + 2/(-4). Suppose -7*b + f = -100. Suppose 2*y - 6*y + 5*r = -19, 0 = -3*r + 15. What is the remainder when b is divided by y?
8
Let d = -12453 + 12466. Suppose -32 = -5*a - 4*c, -1 + 6 = -a + 3*c. Calculate the remainder when d is divided by a.
1
Suppose -25 = 4*k - 5*k. Suppose 9*l + 396 + 219 = 4*t, -5*l = 2*t - 279. What is the remainder when t is divided by k?
22
Let c(q) be the first derivative of q**4/4 + 4*q**3 + 6*q**2 - q - 4. Let n be c(-9). Let a = n - 92. Calculate the remainder when a is divided by 11.
9
Let t(g) = 4*g - 58. What is the remainder when 64 is divided by t(18)?
8
Calculate the remainder when -4 - (-23)/(115/210) is divided by 38.
0
Let t(v) = -2*v - 35. Let x be t(-13). What is the remainder when (x/6)/(-2*2/56) is divided by 8?
5
Let k = 202 - 90. Suppose 0 = -s + 6*s - 3*m - 181, 0 = -3*s - 4*m + 126. Calculate the remainder when k is divided by s.
36
Suppose -2*o - 3*g = -4*o + 31, -2*o + 4*g + 30 = 0. Suppose 68 = -66*t + 83*t. What is the remainder when o is divided by t?
1
Suppose 5*w + q - 211 = 0, q - 4*q + 3 = 0. Let a(h) = -h**2 + 15*h + 22. Calculate the remainder when w is divided by a(15).
20
Suppose -3*j + 229 = 5*a, -15 = -2*a - 5. Calculate the remainder when j is divided by 4/(-28) + (-396)/(-28).
12
Let a = 546 + -498. What is the remainder when 91 is divided by a?
43
Suppose -5*z - 140 + 465 = 0. Let j = 228 - 205. Calculate the remainder when z is divided by j.
19
Let d(x) = 8*x + 131. What is the remainder when d(6) is divided by 24?
11
Suppose 30 = 2*r - 5*l - 0*l, -4*r - 4*l + 4 = 0. Suppose 0 = r*u + 3*m - 50, -2*m + 5 = u - 5. What is the remainder when 48 is divided by u?
8
Let r = -22 + 42. Suppose 26*l - r = 24*l. Calculate the remainder when 46 is divided by l.
6
Suppose 0 = -c + 4*q + 17, 4*q - 5 = -9. What is the remainder when c is divided by 9?
4
Let o be (-364)/18 + (-8)/(-36). Let n be 22/10 - (-4)/o. Suppose 4*r - 3*j - 221 = 0, 5*r - n*j = -4*j + 259. Calculate the remainder when r is divided by 14.
11
Let b = 0 - -10. Let q = b + -6. Suppose -67*j = -30*j - 222. What is the remainder when j is divided by q?
2
Let y(t) = t**3 - 18*t**2 - 19*t. Let q be y(19). Suppose q = 2*p - 237 - 203. What is the remainder when p is divided by 17?
16
Let v(m) = -m**2 + 13*m - 4. Let c be v(6). Let w = c + -26. Calculate the remainder when 73 is divided by (w/4 - 22)/(-1).
16
Suppose 14 + 18 = 2*q. Suppose 11*z = 9*z + 4. Suppose -54 = -0*u - z*u. What is the remainder when u is divided by q?
11
Let c = 349 - 219. Calculate the remainder when c is divided by 7.
4
Let w = 58 - 35. Suppose 3*i + 4 = -5*c - 4, -2*i = c - 4. Suppose i*s - 61 = w. Calculate the remainder when 60 is divided by s.
18
Suppose -930 = -g - 30*g. What is the remainder when g is divided by 9?
3
Suppose 0 = 2*l + 2*o - 10, -2*o + 9 = l + 4. Calculate the remainder when 49 is divided by l.
4
Let u = -627 + 642. What is the remainder when 146 is divided by u?
11
Suppose f = -4*w + 1, -4*w + 8*f = 3*f + 5. Suppose 2*k + w*d = 3*d